uppose 20 = -2*w + d - 23, -114 = 5*w + 4*d. Let f be p(w). Let o(i) = i**3 - 2*i**2 + 4*i - 10. List the prime factors of o(f).
2, 19
Suppose 31*k + 8*k + 49491 = 407316. What are the prime factors of k?
5, 367
Suppose 48773 = 2*u - 3*y, -757*u + y + 48775 = -755*u. List the prime factors of u.
2, 7, 13, 67
Suppose 0 = -136*i + 160*i - 383664. What are the prime factors of i?
2, 7993
Let t = 122 + -71. Let d = 9420 - 9410. Suppose -d = v - t. What are the prime factors of v?
41
Let d = 7183 - 1829. List the prime factors of d.
2, 2677
Let l(n) = 2*n + 39. Let f be l(-13). Let c(s) = s**2 + 7*s + 1. What are the prime factors of c(f)?
3, 29
Suppose -5*t + 94 = -x - 2*x, 2*x + 48 = -4*t. Let y be 2/(-7) - 8/x. Let b(g) = -g + 103. What are the prime factors of b(y)?
103
Let k(l) = -l**3 + 2 + 2 + 11*l**2 - 5*l - 9*l**2. Let o be k(-6). Suppose -2*j - 2*j = -g - 257, 5*j - g - o = 0. What are the prime factors of j?
5, 13
Suppose -43*i = -42*i - 251. Suppose -4*l - z = -i, 2*l - 133 = -2*z + 3*z. List the prime factors of l.
2
Suppose 170 = 4*n + 78. Suppose 14*o + 5 + n = 0. What are the prime factors of 8/10*(o + 377)?
2, 3, 5
Suppose -27*x + 81*x - 126360 = -50*x. List the prime factors of x.
3, 5
Let v(p) = -p**2 - 25*p - 1. Let t be v(-25). Let k = t - -354. List the prime factors of k.
353
Let b be ((-86)/(-4))/(6/(8 - -4)). Suppose -4*w - b = -51. Let i(y) = 45*y - 10. List the prime factors of i(w).
2, 5
Suppose -21*t = -223 - 92. Suppose -t*a + 13206 - 4401 = 0. List the prime factors of a.
587
Suppose -22 + 47 = -5*t, 4*m + 5*t - 37255 = 0. List the prime factors of m.
2, 5, 233
Let v(b) = -9*b. Let l be v(3). Let h(m) = -2*m - 14. Let n be h(-28). Let i = l + n. List the prime factors of i.
3, 5
Suppose -66 = -9*z + 6. Suppose -z*f = -7*f - 6. Suppose -1228 - 140 = -f*a. What are the prime factors of a?
2, 3, 19
Let o be 102/85 + (-8)/(-10). Suppose -5*g + o*g + 2661 = 0. Suppose -14*l + 3855 = g. List the prime factors of l.
2, 53
Let l(v) = -5*v + 17. Let z be l(-3). Suppose 0 = -w - z - 234. Let c = -186 - w. List the prime factors of c.
2, 5
List the prime factors of (-9)/(-2) - 252625/(-94).
2, 673
Let i(x) = 161*x + 5. Let q be i(3). Suppose 2*z + 0*z - q = -4*o, 0 = o + 5*z - 140. What are the prime factors of (o/(-36))/(4/(-186))?
5, 31
Suppose -12*m + 100 = -8*m. Let b = m - 22. Suppose 0 = 5*o + b*w - 551, 6*o = o - 5*w + 555. What are the prime factors of o?
109
Suppose 0 = 6*k - 14840 - 43666. List the prime factors of (-2)/(-9) - k/(-63).
5, 31
Let w(k) = 241*k + 20. Let v be w(4). Let n be (518 - (0 + (-3 - -1))) + 2. Suppose -v - n = -6*j. List the prime factors of j.
251
Let m = 13868 - 6344. List the prime factors of m.
2, 3, 11, 19
Let s = 253 - 248. Suppose t + 7210 = s*r, -46*r + 50*r = t + 5767. What are the prime factors of r?
3, 13, 37
Let d = 235 - 233. List the prime factors of (6*(-1)/(-2))/(d/302).
3, 151
Suppose 3*i - 15 = 0, -97*k = -92*k - 3*i - 5. What are the prime factors of ((-2)/4)/(k - (-36127)/(-9030))?
3, 5, 43
Suppose 5*n = 3*j - 28, 2*j - 5 = n + 2. Let h = -19 - -13. What are the prime factors of (h - -1)*6/n?
2, 3
Let j be (-8 - -1 - -16) + -4 + 0. Suppose -2*z + 4*i + 576 = 0, -5*i + j = -5. Suppose 0 = -5*m + z - 2. What are the prime factors of m?
2, 29
Let j be -16*(16/(-4) - -6). Let m be (18 - 17)*j/2. What are the prime factors of 359/7 - m/(-56)?
3, 17
Let m(z) = -197*z + 542. What are the prime factors of m(-27)?
5861
Let g(o) = -14*o**3 + 68*o**2 - 18*o + 64. Let a(s) = 5*s**3 - 23*s**2 + 6*s - 21. Let y(i) = 11*a(i) + 4*g(i). What are the prime factors of y(17)?
3, 167
Suppose 40*o + 15*o - 907439 + 77599 = 0. What are the prime factors of o?
2, 23, 41
Let v = -1639 + 8237. What are the prime factors of v?
2, 3299
Let x = -5468 + 8189. Suppose -12 = t + 3*t, -t = -2*l + x. What are the prime factors of l?
3, 151
Let k = -776 - -781. Suppose -4*r + 2832 = -y + k*y, -2118 = -3*y - 5*r. List the prime factors of y.
3, 79
Let u(p) = 33*p - 2 - 8*p + 27*p. Suppose -k + 17 = 5*s, -5 - 8 = -5*k - s. List the prime factors of u(k).
2, 3, 17
Suppose -17*x + 24 = -27. Suppose x*i - i = 1060. List the prime factors of i.
2, 5, 53
Let z be (-2 + 0)/(-1 + 30/35). Suppose -i = 3 + 3. What are the prime factors of (3 + z/i)*366?
2, 61
Suppose 11*j + 5*f + 859 = 15*j, -4*f = j - 220. Suppose -2*y + j = -160. What are the prime factors of y?
2, 47
Let l(b) = 4*b**2 - 375*b - 37. What are the prime factors of l(167)?
2, 3, 29, 281
Let t(x) = -2388*x + 504. What are the prime factors of t(-8)?
2, 3, 19, 43
Suppose -2*g + 1388 = 4*o, 2*o - 3*o = 1. Let a = -141 + g. What are the prime factors of a?
3, 5, 37
Let o(b) = -b**3 + 14*b**2 - 39*b - 11. Let p be o(10). What are the prime factors of (-1279)/p - (-1 + 9 + -9)?
2, 5
What are the prime factors of (-1)/((-10 - -2)/70536)?
3, 2939
Let b(h) = -h**3 - 12*h**2 - 9*h + 21. Let c be b(-11). What are the prime factors of (c + -101)*(-5 + (-3)/2)?
3, 13, 17
Let t(i) = -4*i + 105. Let n be t(26). List the prime factors of (-18606)/(-168) - n/(-4)*1.
3, 37
Suppose o - 32 = 4*m, 3*m + 2*o + 21 + 14 = 0. What are the prime factors of 20/(-60) + (2 - 597/m)?
2, 17
Let n = 4863 - 2785. What are the prime factors of n?
2, 1039
Suppose 4*m + t + 4*t - 2931 = 0, 0 = 2*m - 5*t - 1443. Let v = m + -206. What are the prime factors of v?
523
Suppose c - 6*c + l + 1150 = 0, 5*l = 4*c - 899. Let h = 705 - c. What are the prime factors of h?
2, 3, 79
Suppose 12*m - 40 - 32 = 0. Suppose 2*l - m + 2 = 0. Suppose 0 = -l*j + 60 + 90. List the prime factors of j.
3, 5
Let z be 8 + (-5)/(-3*(-2)/6). What are the prime factors of 4 + (-87)/2*(-58)/z?
5, 13
Let v = -33242 + 35370. List the prime factors of v.
2, 7, 19
Let g(i) = -i - 4*i - 5 - 10 + 6*i. Let d be g(20). Suppose -1 = 3*q - 10, 0 = -t - d*q + 93. What are the prime factors of t?
2, 3, 13
Suppose -25*s - 4*a = -27*s + 14, 0 = s - 5*a - 10. Suppose 1143 = y + 2*c - s*c, c = 0. What are the prime factors of y?
3, 127
Let d = 22 - 20. Suppose -d = -5*n + 4*l + 3, -3*l + 40 = 5*n. Suppose 3*a - 81 = -y - a, -n*y = a - 348. List the prime factors of y.
3, 23
Suppose 0 = q + 5*d - 1340, -6592 = -5*q + 2*d - 0*d. Let a = q + -544. List the prime factors of a.
2, 97
What are the prime factors of 18642/4 + 1725/690?
4663
List the prime factors of (-29349)/3*(-10 - (-440)/45).
2, 1087
Suppose 144*a + 192 = 112*a. Let d be 1 + 0/2 + -5. List the prime factors of 756/8 - (1 + d)/a.
2, 47
Suppose -3*n = 5*p - 51134, 14*p - 18*p + 34090 = 2*n. What are the prime factors of n?
3, 13, 19, 23
Let z = 454 - 447. Let n(y) = 21*y**2 - 5*y + 49. List the prime factors of n(z).
7, 149
Suppose 18*q - 6088 = -1661 + 4627. Let a be 11/5 + 5/(-25). Suppose 5*s - 3*y - 1240 = -8*y, -5*y = -a*s + q. List the prime factors of s.
3, 83
Let o(h) = -24*h + 4. Let c be o(-2). Suppose 45*q + 14 = c*q. Suppose 536 = 5*t - q*u, -4*t + u + 54 + 376 = 0. What are the prime factors of t?
2, 3
Let d = -472 - -702. Suppose -17*z + 12*z + d = 0. Suppose 0 = k - n - z, -3*n + 8 = -5*n. What are the prime factors of k?
2, 3, 7
Let j(m) = 75*m - 62*m + 5*m**2 - 11 - 2*m**2. Let i be j(-10). Suppose 51 - i = -c. What are the prime factors of c?
2, 3
Suppose -5*y + 760 = -275. Suppose -6*c + 3*c = -y. Suppose c = 6*a - 5*a. What are the prime factors of a?
3, 23
Let j(i) = 4*i + 6. Suppose -5*z + 15 + 0 = 0. Suppose 3*v + z*y - 18 = y, 2*v - 12 = 4*y. What are the prime factors of j(v)?
2, 3, 5
Let v(h) = 3*h**2 + 94*h + 5612. List the prime factors of v(-39).
23, 283
Suppose -5*h - 98 - 2 = 0. Let k = -23 - h. What are the prime factors of k/2*(-40)/1?
2, 3, 5
Let s(d) be the second derivative of 31*d**3/3 + 5*d**2 + 72*d - 2. List the prime factors of s(4).
2, 3, 43
Let c be (-161 + 160)*(230 + 0)/1. Suppose -596 = g + 3*g. Let o = g - c. What are the prime factors of o?
3
Suppose 0 = 4*a - 20, -12914 = -3*n + 20*a - 24*a. List the prime factors of n.
2, 7, 307
Let u = 12229 + 2517. List the prime factors of u.
2, 73, 101
What are the prime factors of (4 + -54)*(28/35 - 31493/35)?
2, 5, 29, 31
Let p be ((-4)/3 - (-50)/15) + -8. What are the prime factors of (4 + (-8)/p)/((-16)/(-264))?
2, 11
Let l(j) = 2*j + 5. Suppose -203*o + 213*o = 50. What are the pr